{"id":1086,"date":"2023-09-14T14:59:55","date_gmt":"2023-09-14T14:59:55","guid":{"rendered":"https:\/\/fundacion.bienaldecuenca.org\/?post_type=project&#038;p=1086"},"modified":"2023-12-08T03:32:27","modified_gmt":"2023-12-08T03:32:27","slug":"voluspa-jarpa","status":"publish","type":"project","link":"https:\/\/fundacion.bienaldecuenca.org\/index.php\/project\/voluspa-jarpa\/","title":{"rendered":"Voluspa Jarpa"},"content":{"rendered":"<p>[et_pb_section fb_built=&#8221;1&#8243; _builder_version=&#8221;4.19.5&#8243; _module_preset=&#8221;default&#8221; global_colors_info=&#8221;{}&#8221;][et_pb_row _builder_version=&#8221;4.19.5&#8243; _module_preset=&#8221;default&#8221; global_colors_info=&#8221;{}&#8221;][et_pb_column type=&#8221;4_4&#8243; _builder_version=&#8221;4.19.5&#8243; _module_preset=&#8221;default&#8221; global_colors_info=&#8221;{}&#8221;][et_pb_text _builder_version=&#8221;4.19.5&#8243; _module_preset=&#8221;default&#8221; global_colors_info=&#8221;{}&#8221;]<\/p>\n<h2><strong>Voluspa Jarpa <\/strong>(Chile, 1971)<\/h2>\n<p><b>Sobre la artista<\/b><\/p>\n<p style=\"text-align: justify;\"><span style=\"font-weight: 400;\">Voluspa Jarpa, nacida en Rancagua, es una destacada artista visual con una s\u00f3lida formaci\u00f3n acad\u00e9mica. Obtuvo su Mag\u00edster en Artes Visuales en la Universidad de Chile y continu\u00f3 su formaci\u00f3n con un segundo Mag\u00edster en Artes en la Universidad Cat\u00f3lica. Actualmente, ejerce como docente en la misma instituci\u00f3n. Representada por la Galer\u00eda <\/span><i><span style=\"font-weight: 400;\">Patricia Ready<\/span><\/i><span style=\"font-weight: 400;\">, Jarpa ha participado en numerosas exposiciones, tanto colectivas como individuales, en Chile y en el extranjero. Su presencia en bienales internacionales, como la Bienal de la Habana-Cuba, Bienal de Shanghai, 8va Bienal del Mercosur, 12\u00aa Bienal de Estambul, entre otras, destaca su contribuci\u00f3n significativa al panorama art\u00edstico contempor\u00e1neo.<\/span><\/p>\n<p style=\"text-align: justify;\"><span style=\"font-weight: 400;\"><\/span><\/p>\n<p style=\"text-align: justify;\"><strong>Ejes tem\u00e1ticos y contexto de producci\u00f3n de la obra:<\/strong><\/p>\n<p style=\"text-align: justify;\"><span style=\"font-weight: 400;\">Crisis sociales, levantamiento social, trauma social.\u00a0<\/span><\/p>\n<p style=\"text-align: justify;\"><span style=\"font-weight: 400;\">Voluspa Jarpa en su intervenci\u00f3n art\u00edstica nos muestra<\/span> <span style=\"font-weight: 400;\">la realidad que hay detr\u00e1s de los acontecimientos hist\u00f3ricos que involucran a las personas y su lucha por proteger y exigir sus derechos. Una forma en que la movilidad humana puede convertirse en un trauma social que cambia de manera radical la vida y la memoria de las personas que enfrentaron la lucha social.\u00a0<\/span><\/p>\n<p style=\"text-align: justify;\"><span style=\"font-weight: 400;\">Esta producci\u00f3n se complementa con una serie de cuatro formatos que contienen material de archivo como videos grabados por ciudadanos, <\/span><span style=\"font-weight: 400;\">cartograf\u00edas gr\u00e1ficas, videos con piezas musicales que utiliza instrumentos de Am\u00e9rica desde Alaska hasta la Patagonia, denuncias contra la violencia policial y los estallidos sociales de 2019-2023 en Am\u00e9rica Latina.<\/span><\/p>\n<p style=\"text-align: justify;\"><span style=\"font-weight: 400;\"><\/span><\/p>\n<p><b>Proceso de producci\u00f3n<\/b><b>\u00a0<\/b><\/p>\n<p style=\"text-align: justify;\"><span style=\"font-weight: 400;\">Para producir este proyecto, Jarpa usa archivos desclasificados de la CIA realizando diversas instalaciones e intervenciones<\/span><span style=\"font-weight: 400;\">. Se destaca la utilizaci\u00f3n de instrumentos y reproducci\u00f3n de sonidos aut\u00f3ctonos de Am\u00e9rica desde Alaska hasta la Patagonia.<\/span><\/p>\n<p style=\"text-align: justify;\"><span style=\"font-weight: 400;\">Jarpa ha trabajado con obras pict\u00f3ricas y escult\u00f3ricas en sus inicios art\u00edsticos a trav\u00e9s de elementos formales como el color y la composici\u00f3n tambi\u00e9n de la experimentaci\u00f3n con soportes no tradicionales, buscando nuevas posibilidades de representaci\u00f3n y los l\u00edmites de la propia <\/span><a href=\"http:\/\/www.artistasvisualeschilenos.cl\/658\/w3-article-54877.html\"><span style=\"font-weight: 400;\">pintur<\/span><\/a><span style=\"font-weight: 400;\">a, descubriendo posteriormente la instalaci\u00f3n como un nuevo lenguaje art\u00edstico que le permiti\u00f3 seguir con su trabajo explorando diversas materialidades, soportes y disposiciones espaciales para sus obras.<\/span><\/p>\n<p style=\"text-align: justify;\">\n<p style=\"text-align: justify;\"><b>Pregunta<\/b><\/p>\n<p style=\"text-align: justify;\">\n<p style=\"text-align: justify;\"><span style=\"font-weight: 400;\">\u00bfQu\u00e9 microhistorias existen detr\u00e1s de la historia universal?<\/span><\/p>\n<p style=\"text-align: justify;\">\n<p style=\"text-align: justify;\"><b>Din\u00e1mica\u00a0<\/b><\/p>\n<p style=\"text-align: justify;\">\n<p style=\"text-align: justify;\"><span style=\"font-weight: 400;\">Contar una peque\u00f1a historia oral, o escribirla.\u00a0<\/span><\/p>\n<p>&nbsp;<\/p>\n<p>[\/et_pb_text][\/et_pb_column][\/et_pb_row][\/et_pb_section]<\/p>\n","protected":false},"excerpt":{"rendered":"<p>Voluspa Jarpa (Chile, 1971) Sobre la artista Voluspa Jarpa, nacida en Rancagua, es una destacada artista visual con una s\u00f3lida formaci\u00f3n acad\u00e9mica. Obtuvo su Mag\u00edster en Artes Visuales en la Universidad de Chile y continu\u00f3 su formaci\u00f3n con un segundo Mag\u00edster en Artes en la Universidad Cat\u00f3lica. Actualmente, ejerce como docente en la misma instituci\u00f3n. [&hellip;]<\/p>\n","protected":false},"author":1,"featured_media":1266,"comment_status":"open","ping_status":"closed","template":"","meta":{"_et_pb_use_builder":"on","_et_pb_old_content":"","_et_gb_content_width":"","om_disable_all_campaigns":false,"_monsterinsights_skip_tracking":false,"_monsterinsights_sitenote_active":false,"_monsterinsights_sitenote_note":"","_monsterinsights_sitenote_category":0,"footnotes":""},"project_category":[24],"project_tag":[],"class_list":["post-1086","project","type-project","status-publish","has-post-thumbnail","hentry","project_category-artistas-xvi"],"_links":{"self":[{"href":"https:\/\/fundacion.bienaldecuenca.org\/index.php\/wp-json\/wp\/v2\/project\/1086","targetHints":{"allow":["GET"]}}],"collection":[{"href":"https:\/\/fundacion.bienaldecuenca.org\/index.php\/wp-json\/wp\/v2\/project"}],"about":[{"href":"https:\/\/fundacion.bienaldecuenca.org\/index.php\/wp-json\/wp\/v2\/types\/project"}],"author":[{"embeddable":true,"href":"https:\/\/fundacion.bienaldecuenca.org\/index.php\/wp-json\/wp\/v2\/users\/1"}],"replies":[{"embeddable":true,"href":"https:\/\/fundacion.bienaldecuenca.org\/index.php\/wp-json\/wp\/v2\/comments?post=1086"}],"version-history":[{"count":6,"href":"https:\/\/fundacion.bienaldecuenca.org\/index.php\/wp-json\/wp\/v2\/project\/1086\/revisions"}],"predecessor-version":[{"id":1363,"href":"https:\/\/fundacion.bienaldecuenca.org\/index.php\/wp-json\/wp\/v2\/project\/1086\/revisions\/1363"}],"wp:featuredmedia":[{"embeddable":true,"href":"https:\/\/fundacion.bienaldecuenca.org\/index.php\/wp-json\/wp\/v2\/media\/1266"}],"wp:attachment":[{"href":"https:\/\/fundacion.bienaldecuenca.org\/index.php\/wp-json\/wp\/v2\/media?parent=1086"}],"wp:term":[{"taxonomy":"project_category","embeddable":true,"href":"https:\/\/fundacion.bienaldecuenca.org\/index.php\/wp-json\/wp\/v2\/project_category?post=1086"},{"taxonomy":"project_tag","embeddable":true,"href":"https:\/\/fundacion.bienaldecuenca.org\/index.php\/wp-json\/wp\/v2\/project_tag?post=1086"}],"curies":[{"name":"wp","href":"https:\/\/api.w.org\/{rel}","templated":true}]}}

<p>[et_pb_section fb_built=&#8221;1&#8243; _builder_version=&#8221;4.19.5&#8243; _module_preset=&#8221;default&#8221; global_colors_info=&#8221;{}&#8221;][et_pb_row _builder_version=&#8221;4.19.5&#8243; _module_preset=&#8221;default&#8221; global_colors_info=&#8221;{}&#8221;][et_pb_column type=&#8221;4_4&#8243; _builder_version=&#8221;4.19.5&#8243; _module_preset=&#8221;default&#8221; global_colors_info=&#8221;{}&#8221;][et_pb_text _builder_version=&#8221;4.19.5&#8243; _module_preset=&#8221;default&#8221; global_colors_info=&#8221;{}&#8221;]</p>
<h2><strong>Voluspa Jarpa </strong>(Chile, 1971)</h2>
<p><b>Sobre la artista</b></p>
<p style="text-align: justify;"><span style="font-weight: 400;">Voluspa Jarpa, nacida en Rancagua, es una destacada artista visual con una sólida formación académica. Obtuvo su Magíster en Artes Visuales en la Universidad de Chile y continuó su formación con un segundo Magíster en Artes en la Universidad Católica. Actualmente, ejerce como docente en la misma institución. Representada por la Galería </span><i><span style="font-weight: 400;">Patricia Ready</span></i><span style="font-weight: 400;">, Jarpa ha participado en numerosas exposiciones, tanto colectivas como individuales, en Chile y en el extranjero. Su presencia en bienales internacionales, como la Bienal de la Habana-Cuba, Bienal de Shanghai, 8va Bienal del Mercosur, 12ª Bienal de Estambul, entre otras, destaca su contribución significativa al panorama artístico contemporáneo.</span></p>
<p style="text-align: justify;"><span style="font-weight: 400;"></span></p>
<p style="text-align: justify;"><strong>Ejes temáticos y contexto de producción de la obra:</strong></p>
<p style="text-align: justify;"><span style="font-weight: 400;">Crisis sociales, levantamiento social, trauma social. </span></p>
<p style="text-align: justify;"><span style="font-weight: 400;">Voluspa Jarpa en su intervención artística nos muestra</span> <span style="font-weight: 400;">la realidad que hay detrás de los acontecimientos históricos que involucran a las personas y su lucha por proteger y exigir sus derechos. Una forma en que la movilidad humana puede convertirse en un trauma social que cambia de manera radical la vida y la memoria de las personas que enfrentaron la lucha social. </span></p>
<p style="text-align: justify;"><span style="font-weight: 400;">Esta producción se complementa con una serie de cuatro formatos que contienen material de archivo como videos grabados por ciudadanos, </span><span style="font-weight: 400;">cartografías gráficas, videos con piezas musicales que utiliza instrumentos de América desde Alaska hasta la Patagonia, denuncias contra la violencia policial y los estallidos sociales de 2019-2023 en América Latina.</span></p>
<p style="text-align: justify;"><span style="font-weight: 400;"></span></p>
<p><b>Proceso de producción</b><b> </b></p>
<p style="text-align: justify;"><span style="font-weight: 400;">Para producir este proyecto, Jarpa usa archivos desclasificados de la CIA realizando diversas instalaciones e intervenciones</span><span style="font-weight: 400;">. Se destaca la utilización de instrumentos y reproducción de sonidos autóctonos de América desde Alaska hasta la Patagonia.</span></p>
<p style="text-align: justify;"><span style="font-weight: 400;">Jarpa ha trabajado con obras pictóricas y escultóricas en sus inicios artísticos a través de elementos formales como el color y la composición también de la experimentación con soportes no tradicionales, buscando nuevas posibilidades de representación y los límites de la propia </span><a href="http://www.artistasvisualeschilenos.cl/658/w3-article-54877.html"><span style="font-weight: 400;">pintur</span></a><span style="font-weight: 400;">a, descubriendo posteriormente la instalación como un nuevo lenguaje artístico que le permitió seguir con su trabajo explorando diversas materialidades, soportes y disposiciones espaciales para sus obras.</span></p>
<p style="text-align: justify;">
<p style="text-align: justify;"><b>Pregunta</b></p>
<p style="text-align: justify;">
<p style="text-align: justify;"><span style="font-weight: 400;">¿Qué microhistorias existen detrás de la historia universal?</span></p>
<p style="text-align: justify;">
<p style="text-align: justify;"><b>Dinámica </b></p>
<p style="text-align: justify;">
<p style="text-align: justify;"><span style="font-weight: 400;">Contar una pequeña historia oral, o escribirla. </span></p>
<p>&nbsp;</p>
<p>[/et_pb_text][/et_pb_column][/et_pb_row][/et_pb_section]</p>

<p>Voluspa Jarpa (Chile, 1971) Sobre la artista Voluspa Jarpa, nacida en Rancagua, es una destacada artista visual con una sólida formación académica. Obtuvo su Magíster en Artes Visuales en la Universidad de Chile y continuó su formación con un segundo Magíster en Artes en la Universidad Católica. Actualmente, ejerce como docente en la misma institución. [&hellip;]</p>
