{"id":970,"date":"2023-09-13T21:08:16","date_gmt":"2023-09-13T21:08:16","guid":{"rendered":"https:\/\/fundacion.bienaldecuenca.org\/?post_type=project&#038;p=970"},"modified":"2024-01-06T17:04:20","modified_gmt":"2024-01-06T17:04:20","slug":"alexander-apostol","status":"publish","type":"project","link":"https:\/\/fundacion.bienaldecuenca.org\/index.php\/project\/alexander-apostol\/","title":{"rendered":"Alexander Ap\u00f3stol"},"content":{"rendered":"<p>[et_pb_section fb_built=&#8221;1&#8243; _builder_version=&#8221;4.19.5&#8243; _module_preset=&#8221;default&#8221; global_colors_info=&#8221;{}&#8221;][et_pb_row _builder_version=&#8221;4.19.5&#8243; _module_preset=&#8221;default&#8221; global_colors_info=&#8221;{}&#8221;][et_pb_column type=&#8221;4_4&#8243; _builder_version=&#8221;4.19.5&#8243; _module_preset=&#8221;default&#8221; global_colors_info=&#8221;{}&#8221;][et_pb_text _builder_version=&#8221;4.19.5&#8243; _module_preset=&#8221;default&#8221; global_colors_info=&#8221;{}&#8221;]<\/p>\n<h2>Alexander Ap\u00f3stol (Venezuela, 1969)<\/h2>\n<p style=\"text-align: justify;\"><b><\/b><\/p>\n<p style=\"text-align: justify;\"><b>Sobre el artista<\/b><\/p>\n<p style=\"text-align: justify;\"><span style=\"font-weight: 400;\">El artista multidisciplinario Alexander Ap\u00f3stol estudi\u00f3 Artes en la Universidad Central de Venezuela, actualmente reside\u2028y trabaja en Madrid. Ha participado en numerosas exposiciones individuales y colectivas en reconocidos museos y galer\u00edas en Espa\u00f1a, Argentina, Estados Unidos, Reino Unido, Francia, Pa\u00edses Bajos, Venezuela, Per\u00fa, Colombia, Costa Rica, entre otras naciones. Ha sido laureado con becas y residencias en S<\/span><i><span style=\"font-weight: 400;\">mithsonian Artist Research Fellowships<\/span><\/i><span style=\"font-weight: 400;\"> en 2020, <\/span><i><span style=\"font-weight: 400;\">Bellagio Center Creative Arts Fellowship Rockefeller Foundation<\/span><\/i><span style=\"font-weight: 400;\"> en 2012,<\/span><i><span style=\"font-weight: 400;\"> Fundaci\u00f3n Carolina<\/span><\/i><span style=\"font-weight: 400;\"> en el 2002, entre otras.<\/span><\/p>\n<p style=\"text-align: justify;\"><span style=\"font-weight: 400;\">Se destaca en la escena art\u00edstica desde la d\u00e9cada de los noventa, empleando la fotograf\u00eda y el video para explorar cr\u00edticamente la intersecci\u00f3n entre la est\u00e9tica, la pol\u00edtica y los estereotipos. Su investigaci\u00f3n desaf\u00eda la producci\u00f3n de supuestas esencias nacionales y desentra\u00f1a las representaciones subyacentes de g\u00e9nero, etnia y clase. Al cuestionar las convenciones dominantes, busca legitimar y dar visibilidad a aspectos hist\u00f3ricamente desatendidos en la cultura visual. A trav\u00e9s de su trabajo, Ap\u00f3stol enfoca la construcci\u00f3n pol\u00edtica en la est\u00e9tica, revelando los mecanismos ocultos en los medios de comunicaci\u00f3n masivos, para cuestionar e iluminar la marginalidad y la riqueza subyacentes en la sociedad.<\/span><\/p>\n<p style=\"text-align: justify;\"><b>Lenguajes art\u00edsticos <\/b><span style=\"font-weight: 400;\">Instalaci\u00f3n, serigraf\u00eda<\/span><\/p>\n<p style=\"text-align: justify;\"><b>Instalaci\u00f3n:<\/b><span style=\"font-weight: 400;\"> Seg\u00fan Silvia Mart\u00ednez Cano \u201cEl arte instalado es una deriva de los modelos posmodernos y diversos del arte actual. Comparte con otras expresiones art\u00edsticas su capacidad de relatar narrativas particulares que conectan al espectador con tem\u00e1ticas personales o cercanas a su entorno, permiti\u00e9ndole identificarse con cuestiones como la identidad, la violencia, la multiculturalidad, las problem\u00e1ticas antropol\u00f3gicas, etc. Su car\u00e1cter intermedial (Rebentisch, 2018, pp. 91-92) permite una hibridaci\u00f3n de las artes llamadas tradicionalmente acad\u00e9micas (pintura, escultura, arquitectura, teatro\u2026 etc.) y un fin del arte aut\u00f3nomo como tal.\u201d<\/span><\/p>\n<p style=\"text-align: justify;\"><b>La serigraf\u00eda<\/b><span style=\"font-weight: 400;\"> es una <\/span><span style=\"color: #666666;\"><a href=\"https:\/\/es.wikipedia.org\/wiki\/T%C3%A9cnica_de_impresi%C3%B3n\" style=\"color: #666666;\"><span style=\"font-weight: 400;\">t\u00e9cnica de impresi\u00f3n<\/span><\/a><\/span><span style=\"font-weight: 400;\"> en el m\u00e9todo de reproducci\u00f3n de <\/span><span style=\"color: #666666;\"><a href=\"https:\/\/es.wikipedia.org\/wiki\/Documento\" style=\"color: #666666;\"><span style=\"font-weight: 400;\">documentos<\/span><\/a><\/span><span style=\"font-weight: 400;\"> e <\/span><span style=\"color: #666666;\"><a href=\"https:\/\/es.wikipedia.org\/wiki\/Imagen\" style=\"color: #666666;\"><span style=\"font-weight: 400;\">im\u00e1genes<\/span><\/a><\/span><span style=\"font-weight: 400;\"> sobre cualquier material que consiste en transferir una tinta a trav\u00e9s de una <\/span><span style=\"color: #666666;\"><a href=\"https:\/\/es.wikipedia.org\/wiki\/Malla\" style=\"color: #666666;\"><span style=\"font-weight: 400;\">malla<\/span><\/a><\/span><span style=\"font-weight: 400;\"> tensada en un marco. El paso de la tinta se bloquea en las \u00e1reas donde no habr\u00e1 imagen mediante una emulsi\u00f3n o barniz, y queda libre en las zonas donde pasar\u00e1 la tinta.<\/span><span style=\"font-weight: 400;\">\u200b<\/span><\/p>\n<p style=\"text-align: justify;\"><span style=\"font-weight: 400;\">El sistema de <\/span><a href=\"https:\/\/es.wikipedia.org\/wiki\/Impresi%C3%B3n\"><span style=\"font-weight: 400;\"><span style=\"color: #666666;\">impresi\u00f3n<\/span><\/span><\/a><span style=\"font-weight: 400;\"> es repetitivo, esto es, una vez que en el primer modelo se ha logrado, la impresi\u00f3n <\/span><span style=\"font-weight: 400;\">puede ser repetida cientos y hasta miles de veces sin perder resoluci\u00f3n.<\/span><\/p>\n<p style=\"text-align: justify;\"><b>Ejes tem\u00e1ticos y contexto de producci\u00f3n de la obra:<\/b><\/p>\n<p style=\"text-align: justify;\"><span style=\"font-weight: 400;\">Como otros autores de su generaci\u00f3n, empez\u00f3 a exponer con regularidad a principios de los noventa, vali\u00e9ndose de la fotograf\u00eda y el v\u00eddeo para abordar, desde un an\u00e1lisis cr\u00edtico, los lazos entre est\u00e9tica y construcci\u00f3n pol\u00edtica y los estereotipos, propagandas y ocultaciones presentes en la cultura visual derivada del poder y en los medios de comunicaci\u00f3n de masas.\u00a0<\/span><\/p>\n<p style=\"text-align: justify;\"><span style=\"font-weight: 400;\">Se ha interesado Ap\u00f3stol especialmente por el modo en que la modernidad occidental devino en Venezuela un sistema aspiracional, no solo para las clases medias sino tambi\u00e9n para las \u00e9lites econ\u00f3micas, y por los caminos paralelos de la r\u00e1pida industrializaci\u00f3n que acompa\u00f1\u00f3 al crecimiento de aquellas explotaciones petrol\u00edferas y la adopci\u00f3n, casi sin ambages, del movimiento moderno.<\/span><\/p>\n<p style=\"text-align: justify;\"><span style=\"font-weight: 400;\">En los \u00faltimos a\u00f1os millones de latinoamericanxs han tenido que abandonar sus ciudades y pa\u00edses de origen debido a conflictos armados, crisis econ\u00f3mica y pol\u00edtica y el cambio clim\u00e1tico. Ya no se trata \u00fanicamente de los pa\u00edses destino comunes (EEUU o Espa\u00f1a), sino de los pa\u00edses de tr\u00e1nsito; adem\u00e1s, en el caso venezolano el destino no est\u00e1 al norte, sino en los pa\u00edses vecinos como Ecuador, Colombia, Per\u00fa, etc.<\/span><\/p>\n<p style=\"text-align: justify;\"><b>Proceso de producci\u00f3n<\/b><\/p>\n<p style=\"text-align: justify;\"><span style=\"font-weight: 400;\">SER LATINO ES ESTAR LEJOS (Serigrafi\u0301a sobre papel lija)\u00a0<\/span><\/p>\n<p style=\"text-align: justify;\"><span style=\"font-weight: 400;\">En su poema La Patria, Corta\u0301zar declara que \u201cser argentino es estar lejos\u201d. A lo largo del siglo XX y lo que va del XXI no solo los argentinos han aprendido a estar lejos de su lugar de origen sino tambie\u0301n los colombianos, cubanos, chilenos, nicaragu\u0308enses o u\u0301ltimamente venezolanos. Cada pai\u0301s latinoamericano ha tenido un importante movimiento migratorio, desplazados, escapando o anhelando una mejor vida a lo largo y ancho del continente.\u00a0<\/span><\/p>\n<p style=\"text-align: justify;\"><span style=\"font-weight: 400;\">Los distintos e\u0301xodos han ocurrido caminando, o bus, balsa o avio\u0301n, que es como se le llama el juego de la Rayuela en algunos pai\u0301ses latinoamericanos. Cada medio garantiza un largo camino de dificultades o drama.\u00a0 La rayuela es si\u0301mbolo del desplazamiento a trave\u0301s de sus casillas, su nombre paralelo \u201cel avio\u0301n\u201d, acentu\u0301a ese significado. La piedra sobre las casillas aporta el cara\u0301cter aleatorio, accidentado o fortuito de ese desplazamiento.\u00a0<\/span><\/p>\n<p style=\"text-align: justify;\"><span style=\"font-weight: 400;\">Cada migracio\u0301n no solo esta\u0301 asociada al punto de partida y al punto de llegada o anhelado, sino tambie\u0301n a los distintos pueblos, ciudades o hitos naturales que pueden confirmar o interrumpir el camino; mi propuesta es hacer diversas rayuelas donde se plantee cada ruta hecha por cada grupo migratorio, donde cada casilla sea una ciudad, pueblo o sendero y que se denote la totalidad o parte de la ruta ma\u0301s usada.\u00a0<\/span><\/p>\n<p style=\"text-align: justify;\"><span style=\"font-weight: 400;\">Cada rayuela estari\u0301a confirmada tanto por casillas rectas (cuadradas o rectangulares) como circulares (circulo u o\u0301valos). Cada dibujo tendri\u0301a una disposicio\u0301n u\u0301nica que lo hari\u0301a singular del resto. Y sobre ellos listas y listas de lugares de la regio\u0301n, tanto identificables como lejanos. Al tener un grupo extenso de rayuelas, o un ma\u0301ximo indefinido, se colocaran una al lado de otras dejando pequen\u0303as separaciones entre cada obra, metaforizando en su disposicio\u0301n tanto a calles dispuestas en forma de atajos o laberintos como a lockers de viaje que encierran historias aunque inamovibles.<\/span>\u00a0<\/p>\n<p><span style=\"font-weight: 400;\">Pregunta<\/span><\/p>\n<p><span style=\"font-weight: 400;\">\u00bfPara un latino, qu\u00e9 es estar lejos del hogar?<\/span><\/p>\n<p style=\"text-align: justify;\">\n<p><span style=\"font-weight: 400;\">Din\u00e1mica\u00a0<\/span><\/p>\n<p><span style=\"font-weight: 400;\">Dibujar una rayuela, pensar en un lugar donde quisiera viajar o vivir, pensar en dos lugares intermedios para saltar la rayuela, jugar hasta llegar al destino\u2026o perder.\u00a0<\/span><\/p>\n<p style=\"text-align: justify;\">\n<p><span style=\"font-weight: 400;\">Usar dos dados hasta que el n\u00famero coincida.\u00a0\u00a0<\/span><\/p>\n<p><b>Bibliograf\u00eda:\u00a0<\/b><\/p>\n<p><span style=\"color: #666666;\"><a href=\"https:\/\/masdearte.com\/alexander-apostol-esteticas-para-la-identidad-nacional-ca2m\/\" style=\"color: #666666;\">https:\/\/masdearte.com\/alexander-apostol-esteticas-para-la-identidad-nacional-ca2m\/<\/a><\/span><\/p>\n<p><span style=\"color: #666666;\"><a href=\"https:\/\/uvadoc.uva.es\/bitstream\/handle\/10324\/8211\/TFG-O%20341.pdf?sequence=1\" style=\"color: #666666;\">https:\/\/uvadoc.uva.es\/bitstream\/handle\/10324\/8211\/TFG-O%20341.pdf?sequence=1<\/a><\/span><\/p>\n<p><span style=\"color: #666666;\"><a href=\"https:\/\/repositorio.comillas.edu\/rest\/bitstreams\/290822\/retrieve\" style=\"color: #666666;\">https:\/\/repositorio.comillas.edu\/rest\/bitstreams\/290822\/retrieve<\/a><\/span><\/p>\n<p>[\/et_pb_text][\/et_pb_column][\/et_pb_row][\/et_pb_section]<\/p>\n","protected":false},"excerpt":{"rendered":"<p>Alexander Ap\u00f3stol (Venezuela, 1969) Sobre el artista El artista multidisciplinario Alexander Ap\u00f3stol estudi\u00f3 Artes en la Universidad Central de Venezuela, actualmente reside\u2028y trabaja en Madrid. Ha participado en numerosas exposiciones individuales y colectivas en reconocidos museos y galer\u00edas en Espa\u00f1a, Argentina, Estados Unidos, Reino Unido, Francia, Pa\u00edses Bajos, Venezuela, Per\u00fa, Colombia, Costa Rica, entre otras [&hellip;]<\/p>\n","protected":false},"author":1,"featured_media":1293,"comment_status":"open","ping_status":"closed","template":"","meta":{"_et_pb_use_builder":"on","_et_pb_old_content":"","_et_gb_content_width":"","om_disable_all_campaigns":false,"_monsterinsights_skip_tracking":false,"_monsterinsights_sitenote_active":false,"_monsterinsights_sitenote_note":"","_monsterinsights_sitenote_category":0,"footnotes":""},"project_category":[24],"project_tag":[],"class_list":["post-970","project","type-project","status-publish","has-post-thumbnail","hentry","project_category-artistas-xvi"],"_links":{"self":[{"href":"https:\/\/fundacion.bienaldecuenca.org\/index.php\/wp-json\/wp\/v2\/project\/970","targetHints":{"allow":["GET"]}}],"collection":[{"href":"https:\/\/fundacion.bienaldecuenca.org\/index.php\/wp-json\/wp\/v2\/project"}],"about":[{"href":"https:\/\/fundacion.bienaldecuenca.org\/index.php\/wp-json\/wp\/v2\/types\/project"}],"author":[{"embeddable":true,"href":"https:\/\/fundacion.bienaldecuenca.org\/index.php\/wp-json\/wp\/v2\/users\/1"}],"replies":[{"embeddable":true,"href":"https:\/\/fundacion.bienaldecuenca.org\/index.php\/wp-json\/wp\/v2\/comments?post=970"}],"version-history":[{"count":5,"href":"https:\/\/fundacion.bienaldecuenca.org\/index.php\/wp-json\/wp\/v2\/project\/970\/revisions"}],"predecessor-version":[{"id":1502,"href":"https:\/\/fundacion.bienaldecuenca.org\/index.php\/wp-json\/wp\/v2\/project\/970\/revisions\/1502"}],"wp:featuredmedia":[{"embeddable":true,"href":"https:\/\/fundacion.bienaldecuenca.org\/index.php\/wp-json\/wp\/v2\/media\/1293"}],"wp:attachment":[{"href":"https:\/\/fundacion.bienaldecuenca.org\/index.php\/wp-json\/wp\/v2\/media?parent=970"}],"wp:term":[{"taxonomy":"project_category","embeddable":true,"href":"https:\/\/fundacion.bienaldecuenca.org\/index.php\/wp-json\/wp\/v2\/project_category?post=970"},{"taxonomy":"project_tag","embeddable":true,"href":"https:\/\/fundacion.bienaldecuenca.org\/index.php\/wp-json\/wp\/v2\/project_tag?post=970"}],"curies":[{"name":"wp","href":"https:\/\/api.w.org\/{rel}","templated":true}]}}

Alexander Apóstol

<p>[et_pb_section fb_built=&#8221;1&#8243; _builder_version=&#8221;4.19.5&#8243; _module_preset=&#8221;default&#8221; global_colors_info=&#8221;{}&#8221;][et_pb_row _builder_version=&#8221;4.19.5&#8243; _module_preset=&#8221;default&#8221; global_colors_info=&#8221;{}&#8221;][et_pb_column type=&#8221;4_4&#8243; _builder_version=&#8221;4.19.5&#8243; _module_preset=&#8221;default&#8221; global_colors_info=&#8221;{}&#8221;][et_pb_text _builder_version=&#8221;4.19.5&#8243; _module_preset=&#8221;default&#8221; global_colors_info=&#8221;{}&#8221;]</p>
<h2>Alexander Apóstol (Venezuela, 1969)</h2>
<p style="text-align: justify;"><b></b></p>
<p style="text-align: justify;"><b>Sobre el artista</b></p>
<p style="text-align: justify;"><span style="font-weight: 400;">El artista multidisciplinario Alexander Apóstol estudió Artes en la Universidad Central de Venezuela, actualmente reside y trabaja en Madrid. Ha participado en numerosas exposiciones individuales y colectivas en reconocidos museos y galerías en España, Argentina, Estados Unidos, Reino Unido, Francia, Países Bajos, Venezuela, Perú, Colombia, Costa Rica, entre otras naciones. Ha sido laureado con becas y residencias en S</span><i><span style="font-weight: 400;">mithsonian Artist Research Fellowships</span></i><span style="font-weight: 400;"> en 2020, </span><i><span style="font-weight: 400;">Bellagio Center Creative Arts Fellowship Rockefeller Foundation</span></i><span style="font-weight: 400;"> en 2012,</span><i><span style="font-weight: 400;"> Fundación Carolina</span></i><span style="font-weight: 400;"> en el 2002, entre otras.</span></p>
<p style="text-align: justify;"><span style="font-weight: 400;">Se destaca en la escena artística desde la década de los noventa, empleando la fotografía y el video para explorar críticamente la intersección entre la estética, la política y los estereotipos. Su investigación desafía la producción de supuestas esencias nacionales y desentraña las representaciones subyacentes de género, etnia y clase. Al cuestionar las convenciones dominantes, busca legitimar y dar visibilidad a aspectos históricamente desatendidos en la cultura visual. A través de su trabajo, Apóstol enfoca la construcción política en la estética, revelando los mecanismos ocultos en los medios de comunicación masivos, para cuestionar e iluminar la marginalidad y la riqueza subyacentes en la sociedad.</span></p>
<p style="text-align: justify;"><b>Lenguajes artísticos </b><span style="font-weight: 400;">Instalación, serigrafía</span></p>
<p style="text-align: justify;"><b>Instalación:</b><span style="font-weight: 400;"> Según Silvia Martínez Cano “El arte instalado es una deriva de los modelos posmodernos y diversos del arte actual. Comparte con otras expresiones artísticas su capacidad de relatar narrativas particulares que conectan al espectador con temáticas personales o cercanas a su entorno, permitiéndole identificarse con cuestiones como la identidad, la violencia, la multiculturalidad, las problemáticas antropológicas, etc. Su carácter intermedial (Rebentisch, 2018, pp. 91-92) permite una hibridación de las artes llamadas tradicionalmente académicas (pintura, escultura, arquitectura, teatro… etc.) y un fin del arte autónomo como tal.”</span></p>
<p style="text-align: justify;"><b>La serigrafía</b><span style="font-weight: 400;"> es una </span><span style="color: #666666;"><a href="https://es.wikipedia.org/wiki/T%C3%A9cnica_de_impresi%C3%B3n" style="color: #666666;"><span style="font-weight: 400;">técnica de impresión</span></a></span><span style="font-weight: 400;"> en el método de reproducción de </span><span style="color: #666666;"><a href="https://es.wikipedia.org/wiki/Documento" style="color: #666666;"><span style="font-weight: 400;">documentos</span></a></span><span style="font-weight: 400;"> e </span><span style="color: #666666;"><a href="https://es.wikipedia.org/wiki/Imagen" style="color: #666666;"><span style="font-weight: 400;">imágenes</span></a></span><span style="font-weight: 400;"> sobre cualquier material que consiste en transferir una tinta a través de una </span><span style="color: #666666;"><a href="https://es.wikipedia.org/wiki/Malla" style="color: #666666;"><span style="font-weight: 400;">malla</span></a></span><span style="font-weight: 400;"> tensada en un marco. El paso de la tinta se bloquea en las áreas donde no habrá imagen mediante una emulsión o barniz, y queda libre en las zonas donde pasará la tinta.</span><span style="font-weight: 400;">​</span></p>
<p style="text-align: justify;"><span style="font-weight: 400;">El sistema de </span><a href="https://es.wikipedia.org/wiki/Impresi%C3%B3n"><span style="font-weight: 400;"><span style="color: #666666;">impresión</span></span></a><span style="font-weight: 400;"> es repetitivo, esto es, una vez que en el primer modelo se ha logrado, la impresión </span><span style="font-weight: 400;">puede ser repetida cientos y hasta miles de veces sin perder resolución.</span></p>
<p style="text-align: justify;"><b>Ejes temáticos y contexto de producción de la obra:</b></p>
<p style="text-align: justify;"><span style="font-weight: 400;">Como otros autores de su generación, empezó a exponer con regularidad a principios de los noventa, valiéndose de la fotografía y el vídeo para abordar, desde un análisis crítico, los lazos entre estética y construcción política y los estereotipos, propagandas y ocultaciones presentes en la cultura visual derivada del poder y en los medios de comunicación de masas. </span></p>
<p style="text-align: justify;"><span style="font-weight: 400;">Se ha interesado Apóstol especialmente por el modo en que la modernidad occidental devino en Venezuela un sistema aspiracional, no solo para las clases medias sino también para las élites económicas, y por los caminos paralelos de la rápida industrialización que acompañó al crecimiento de aquellas explotaciones petrolíferas y la adopción, casi sin ambages, del movimiento moderno.</span></p>
<p style="text-align: justify;"><span style="font-weight: 400;">En los últimos años millones de latinoamericanxs han tenido que abandonar sus ciudades y países de origen debido a conflictos armados, crisis económica y política y el cambio climático. Ya no se trata únicamente de los países destino comunes (EEUU o España), sino de los países de tránsito; además, en el caso venezolano el destino no está al norte, sino en los países vecinos como Ecuador, Colombia, Perú, etc.</span></p>
<p style="text-align: justify;"><b>Proceso de producción</b></p>
<p style="text-align: justify;"><span style="font-weight: 400;">SER LATINO ES ESTAR LEJOS (Serigrafía sobre papel lija) </span></p>
<p style="text-align: justify;"><span style="font-weight: 400;">En su poema La Patria, Cortázar declara que “ser argentino es estar lejos”. A lo largo del siglo XX y lo que va del XXI no solo los argentinos han aprendido a estar lejos de su lugar de origen sino también los colombianos, cubanos, chilenos, nicaragüenses o últimamente venezolanos. Cada país latinoamericano ha tenido un importante movimiento migratorio, desplazados, escapando o anhelando una mejor vida a lo largo y ancho del continente. </span></p>
<p style="text-align: justify;"><span style="font-weight: 400;">Los distintos éxodos han ocurrido caminando, o bus, balsa o avión, que es como se le llama el juego de la Rayuela en algunos países latinoamericanos. Cada medio garantiza un largo camino de dificultades o drama.  La rayuela es símbolo del desplazamiento a través de sus casillas, su nombre paralelo “el avión”, acentúa ese significado. La piedra sobre las casillas aporta el carácter aleatorio, accidentado o fortuito de ese desplazamiento. </span></p>
<p style="text-align: justify;"><span style="font-weight: 400;">Cada migración no solo está asociada al punto de partida y al punto de llegada o anhelado, sino también a los distintos pueblos, ciudades o hitos naturales que pueden confirmar o interrumpir el camino; mi propuesta es hacer diversas rayuelas donde se plantee cada ruta hecha por cada grupo migratorio, donde cada casilla sea una ciudad, pueblo o sendero y que se denote la totalidad o parte de la ruta más usada. </span></p>
<p style="text-align: justify;"><span style="font-weight: 400;">Cada rayuela estaría confirmada tanto por casillas rectas (cuadradas o rectangulares) como circulares (circulo u óvalos). Cada dibujo tendría una disposición única que lo haría singular del resto. Y sobre ellos listas y listas de lugares de la región, tanto identificables como lejanos. Al tener un grupo extenso de rayuelas, o un máximo indefinido, se colocaran una al lado de otras dejando pequeñas separaciones entre cada obra, metaforizando en su disposición tanto a calles dispuestas en forma de atajos o laberintos como a lockers de viaje que encierran historias aunque inamovibles.</span> </p>
<p><span style="font-weight: 400;">Pregunta</span></p>
<p><span style="font-weight: 400;">¿Para un latino, qué es estar lejos del hogar?</span></p>
<p style="text-align: justify;">
<p><span style="font-weight: 400;">Dinámica </span></p>
<p><span style="font-weight: 400;">Dibujar una rayuela, pensar en un lugar donde quisiera viajar o vivir, pensar en dos lugares intermedios para saltar la rayuela, jugar hasta llegar al destino…o perder. </span></p>
<p style="text-align: justify;">
<p><span style="font-weight: 400;">Usar dos dados hasta que el número coincida.  </span></p>
<p><b>Bibliografía: </b></p>
<p><span style="color: #666666;"><a href="https://masdearte.com/alexander-apostol-esteticas-para-la-identidad-nacional-ca2m/" style="color: #666666;">https://masdearte.com/alexander-apostol-esteticas-para-la-identidad-nacional-ca2m/</a></span></p>
<p><span style="color: #666666;"><a href="https://uvadoc.uva.es/bitstream/handle/10324/8211/TFG-O%20341.pdf?sequence=1" style="color: #666666;">https://uvadoc.uva.es/bitstream/handle/10324/8211/TFG-O%20341.pdf?sequence=1</a></span></p>
<p><span style="color: #666666;"><a href="https://repositorio.comillas.edu/rest/bitstreams/290822/retrieve" style="color: #666666;">https://repositorio.comillas.edu/rest/bitstreams/290822/retrieve</a></span></p>
<p>[/et_pb_text][/et_pb_column][/et_pb_row][/et_pb_section]</p>

<p>Alexander Apóstol (Venezuela, 1969) Sobre el artista El artista multidisciplinario Alexander Apóstol estudió Artes en la Universidad Central de Venezuela, actualmente reside y trabaja en Madrid. Ha participado en numerosas exposiciones individuales y colectivas en reconocidos museos y galerías en España, Argentina, Estados Unidos, Reino Unido, Francia, Países Bajos, Venezuela, Perú, Colombia, Costa Rica, entre otras [&hellip;]</p>
