{"id":990,"date":"2023-09-13T21:55:13","date_gmt":"2023-09-13T21:55:13","guid":{"rendered":"https:\/\/fundacion.bienaldecuenca.org\/?post_type=project&#038;p=990"},"modified":"2024-01-06T15:17:18","modified_gmt":"2024-01-06T15:17:18","slug":"fernando-sanchez-castillo","status":"publish","type":"project","link":"https:\/\/fundacion.bienaldecuenca.org\/index.php\/project\/fernando-sanchez-castillo\/","title":{"rendered":"Fernando Sa\u0301nchez Castillo"},"content":{"rendered":"<p>[et_pb_section fb_built=&#8221;1&#8243; _builder_version=&#8221;4.19.5&#8243; _module_preset=&#8221;default&#8221; global_colors_info=&#8221;{}&#8221;][et_pb_row _builder_version=&#8221;4.19.5&#8243; _module_preset=&#8221;default&#8221; global_colors_info=&#8221;{}&#8221;][et_pb_column type=&#8221;4_4&#8243; _builder_version=&#8221;4.19.5&#8243; _module_preset=&#8221;default&#8221; global_colors_info=&#8221;{}&#8221;][et_pb_text _builder_version=&#8221;4.19.5&#8243; _module_preset=&#8221;default&#8221; global_colors_info=&#8221;{}&#8221;]<\/p>\n<h2>Fernando Sa\u0301nchez Castillo (Espa\u00f1a, 1970)<\/h2>\n<p><b>Sobre el artista<\/b><\/p>\n<p><span style=\"font-weight: 400;\">S\u00e1nchez Castillo nace en Madrid, actualmente residenciado y laborando en la misma ciudad. Licenciado en Bellas Artes por la Universidad Complutense de Madrid, complet\u00f3 un m\u00e1ster en Filosof\u00eda y Est\u00e9tica en la Universidad Aut\u00f3noma de Madrid. Su formaci\u00f3n incluy\u00f3 estudios en el Instituto de Est\u00e9tica Contempor\u00e1nea UAM, el ENSBA Par\u00eds y una residencia en Rijksakademie, \u00c1msterdam. Particip\u00f3 en el equipo de investigaci\u00f3n de las Naciones Unidas en Ginebra PIMPA (Memoria, pol\u00edtica y pr\u00e1cticas art\u00edsticas).<\/span><\/p>\n<p><span style=\"font-weight: 400;\">Su pr\u00e1ctica art\u00edstica se caracteriza por una cr\u00edtica desde diferentes perspectivas a los discursos monumentales, desarticulando agentes de poder y representaci\u00f3n. Busca reescribir eventos hist\u00f3ricos o, al menos, generar conciencia sobre sus complejidades, evidenciando la construcci\u00f3n hist\u00f3rica desde diversas posiciones de poder. Ha exhibido en museos de renombre mundial, incluyendo CA2M (Madrid), Stedelijk Museum (\u00c1msterdam) y MUSAC (Espa\u00f1a). Su presencia en bienales y exposiciones colectivas internacionales subraya su impacto en la escena art\u00edstica contempor\u00e1nea. Su obra figura en colecciones de prestigio como el Centre Georges Pompidou, Centro de Arte Reina Sof\u00eda, PAMM (Miami, EE. UU.), entre otros.<\/span>\u00a0<\/p>\n<p><b>Lenguajes art\u00edsticos: <\/b><span style=\"font-weight: 400;\">Escultura, Instalaci\u00f3n\u00a0<\/span><\/p>\n<p><span style=\"font-weight: 400;\">Seg\u00fan Silvia Mart\u00ednez Cano \u201cEl arte instalado es una deriva de los modelos posmodernos y diversos del arte actual. Comparte con otras expresiones art\u00edsticas su capacidad de relatar narrativas particulares que conectan al espectador con tem\u00e1ticas personales o cercanas a su entorno, permiti\u00e9ndole identificarse con cuestiones como la identidad, la violencia, la multiculturalidad, las problem\u00e1ticas antropol\u00f3gicas, etc. Su car\u00e1cter intermedial (Rebentisch, 2018, pp. 91-92) permite una hibridaci\u00f3n de las artes llamadas tradicionalmente acad\u00e9micas (pintura, escultura, arquitectura, teatro\u2026 etc.) y un fin del arte aut\u00f3nomo como tal.\u201d\u00a0<\/span><\/p>\n<p><span style=\"font-weight: 400;\">La escultura se comprende como un objeto en 2 o 3 dimensiones, cuya forma pl\u00e1stica alude a representaciones de todo tipo, moldeadas a partir del mundo material y simb\u00f3lico.<\/span><\/p>\n<p><span style=\"font-weight: 400;\">\u00a0<\/span><b>Ejes tem\u00e1ticos y contexto de producci\u00f3n de la obra:<\/b><\/p>\n<p><span style=\"font-weight: 400;\">El monumento, la documentaci\u00f3n, el espacio p\u00fablico o la tradici\u00f3n se convierten en herramientas para desenterrar el pasado m\u00e1s reciente, desarrollando as\u00ed una<\/span><\/p>\n<p><span style=\"font-weight: 400;\">necesidad de redibujar la historia, a modo de hibridaci\u00f3n entre el c\u00f3mic y las<\/span><\/p>\n<p><span style=\"font-weight: 400;\">ilustraciones period\u00edsticas, previas a la utilizaci\u00f3n de la fotograf\u00eda. Su mirada cr\u00edtica al uso de la violencia por parte del estado es paralela a su inter\u00e9s por observar c\u00f3mo se ha usado el arte para expresar poder; muchas de sus obras se fijan en c\u00f3mo el propio arte ha generado una gran caja de resonancia, repleta de simbolismos, que juegan con esas ideas.<\/span><\/p>\n<p><b>Proceso de producci\u00f3n\u00a0<\/b><\/p>\n<p><span style=\"font-weight: 400;\">\u201cEl artista es un poder tan fuerte como el Estado\u201d dice Fernando Sa\u0301nchez Castillo. Tiene mucha razo\u0301n. Para conseguir ser representado en una estatua, un hombre de Estado debe llevar a cabo grandes actos. Primero, debe hacerse con el poder por el camino que sea.\u00a0<\/span><\/p>\n<p><span style=\"font-weight: 400;\">Posteriormente, afianzarlo y legitimarlo. Luego, merecer ser recordado. Ganar una batalla contra un eje\u0301rcito enemigo, subyugar a su propio pueblo o, ma\u0301s deseablemente, guiarlo con sabiduri\u0301a hacia metas ma\u0301s sublimes. Segu\u0301n Maquiavelo, el pri\u0301ncipe se gana el aprecio del pueblo acometiendo grandes empresas, pues con ello mantiene ocupados a los nobles y atento al pueblo, adquiere poder y reputacio\u0301n entre ambos y puede consolidar su eje\u0301rcito.\u00a0<\/span><\/p>\n<p><span style=\"font-weight: 400;\">O sea, debe dedicar inmensos esfuerzos, ser temido o convertirse en un ejemplo y en un referente para sus conciudadanos o su\u0301bditos. Sin embargo, el artista puede ahorrarse todos estos pasos intermedios: para generar una imagen y que perdure para siempre, le sirve con crearla. Es, sin duda, un poder ma\u0301s fuerte que el Estado. Jacques Rancie\u0300re afirma que cualquier forma de poder tiende a tomar todas las formas posibles de la esfera pu\u0301blica, incluida la de la representacio\u0301n en el espacio pu\u0301blico: el artista ya lo tiene conseguido de antemano. Hace ma\u0301s de tres siglos, Hamlet enunciaba: \u201cmuchos caballeros de espada en cinta esta\u0301n atemorizados de las plumas de ganso\u201d. El escritor es ma\u0301s poderoso que el guerrero; el artista, ma\u0301s que el pri\u0301ncipe.\u00a0<\/span><\/p>\n<p><span style=\"font-weight: 400;\">Para la XVI Edici\u00f3n de la Bienal de Cuenca, se propone la reinterpretaci\u00f3n escult\u00f3rica del monumento a Sim\u00f3n Bol\u00edvar, emplazado en el redondel Eloy Alfaro, ubicado en la Avenida Ord\u00f3\u00f1ez Lazo, basado en una r\u00e9plica de sus botas cuya continuaci\u00f3n se deforma en relaci\u00f3n al monumento original, para convertirse en un columpio, aludiendo as\u00ed a la idea que la memoria se construye en relaci\u00f3n a los cuerpos que interact\u00faan con ella, invitando de esta forma a cuestionar o pensar desde otro lugar a la memoria independentista.<\/span><\/p>\n<p>Pregunta<\/p>\n<p><span style=\"font-weight: 400;\">\u00bfQu\u00e9 poder tiene el arte en el Ecuador?\u00a0<\/span><\/p>\n<p><span style=\"font-weight: 400;\">\u00a0<\/span><\/p>\n<p>Din\u00e1mica<\/p>\n<p><span style=\"font-weight: 400;\">Escribir o dibujar en tiras de papel s\u00edmbolos de poder y ubicarla en la parte de tu cuerpo que consideren m\u00e1s poderosa, compartir tu experiencia con otras personas.\u00a0<\/span><\/p>\n<p><span style=\"font-weight: 400;\">\u00a0<\/span><\/p>\n<p><span style=\"font-weight: 400;\">Hacer un tapiz con los s\u00edmbolos que se puedan recoger.\u00a0<\/span><\/p>\n<p><span style=\"font-weight: 400;\"><\/span><\/p>\n<p><b>Bibliograf\u00eda:\u00a0<\/b><\/p>\n<p><span style=\"color: #666666;\"><a href=\"https:\/\/uvadoc.uva.es\/bitstream\/handle\/10324\/8211\/TFG-O%20341.pdf?sequence=1\" style=\"color: #666666;\"><b>https:\/\/uvadoc.uva.es\/bitstream\/handle\/10324\/8211\/TFG-O%20341.pdf?sequence=1<\/b><\/a><\/span><\/p>\n<p><span style=\"color: #666666;\"><a href=\"https:\/\/repositorio.comillas.edu\/rest\/bitstreams\/290822\/retrieve\" style=\"color: #666666;\"><b>https:\/\/repositorio.comillas.edu\/rest\/bitstreams\/290822\/retrieve<\/b><\/a><\/span><\/p>\n<p>[\/et_pb_text][\/et_pb_column][\/et_pb_row][\/et_pb_section]<\/p>\n","protected":false},"excerpt":{"rendered":"<p>Fernando Sa\u0301nchez Castillo (Espa\u00f1a, 1970) Sobre el artista S\u00e1nchez Castillo nace en Madrid, actualmente residenciado y laborando en la misma ciudad. Licenciado en Bellas Artes por la Universidad Complutense de Madrid, complet\u00f3 un m\u00e1ster en Filosof\u00eda y Est\u00e9tica en la Universidad Aut\u00f3noma de Madrid. Su formaci\u00f3n incluy\u00f3 estudios en el Instituto de Est\u00e9tica Contempor\u00e1nea UAM, [&hellip;]<\/p>\n","protected":false},"author":1,"featured_media":1285,"comment_status":"open","ping_status":"closed","template":"","meta":{"_et_pb_use_builder":"on","_et_pb_old_content":"","_et_gb_content_width":"","om_disable_all_campaigns":false,"_monsterinsights_skip_tracking":false,"_monsterinsights_sitenote_active":false,"_monsterinsights_sitenote_note":"","_monsterinsights_sitenote_category":0,"footnotes":""},"project_category":[24],"project_tag":[],"class_list":["post-990","project","type-project","status-publish","has-post-thumbnail","hentry","project_category-artistas-xvi"],"_links":{"self":[{"href":"https:\/\/fundacion.bienaldecuenca.org\/index.php\/wp-json\/wp\/v2\/project\/990","targetHints":{"allow":["GET"]}}],"collection":[{"href":"https:\/\/fundacion.bienaldecuenca.org\/index.php\/wp-json\/wp\/v2\/project"}],"about":[{"href":"https:\/\/fundacion.bienaldecuenca.org\/index.php\/wp-json\/wp\/v2\/types\/project"}],"author":[{"embeddable":true,"href":"https:\/\/fundacion.bienaldecuenca.org\/index.php\/wp-json\/wp\/v2\/users\/1"}],"replies":[{"embeddable":true,"href":"https:\/\/fundacion.bienaldecuenca.org\/index.php\/wp-json\/wp\/v2\/comments?post=990"}],"version-history":[{"count":7,"href":"https:\/\/fundacion.bienaldecuenca.org\/index.php\/wp-json\/wp\/v2\/project\/990\/revisions"}],"predecessor-version":[{"id":1491,"href":"https:\/\/fundacion.bienaldecuenca.org\/index.php\/wp-json\/wp\/v2\/project\/990\/revisions\/1491"}],"wp:featuredmedia":[{"embeddable":true,"href":"https:\/\/fundacion.bienaldecuenca.org\/index.php\/wp-json\/wp\/v2\/media\/1285"}],"wp:attachment":[{"href":"https:\/\/fundacion.bienaldecuenca.org\/index.php\/wp-json\/wp\/v2\/media?parent=990"}],"wp:term":[{"taxonomy":"project_category","embeddable":true,"href":"https:\/\/fundacion.bienaldecuenca.org\/index.php\/wp-json\/wp\/v2\/project_category?post=990"},{"taxonomy":"project_tag","embeddable":true,"href":"https:\/\/fundacion.bienaldecuenca.org\/index.php\/wp-json\/wp\/v2\/project_tag?post=990"}],"curies":[{"name":"wp","href":"https:\/\/api.w.org\/{rel}","templated":true}]}}

<p>[et_pb_section fb_built=&#8221;1&#8243; _builder_version=&#8221;4.19.5&#8243; _module_preset=&#8221;default&#8221; global_colors_info=&#8221;{}&#8221;][et_pb_row _builder_version=&#8221;4.19.5&#8243; _module_preset=&#8221;default&#8221; global_colors_info=&#8221;{}&#8221;][et_pb_column type=&#8221;4_4&#8243; _builder_version=&#8221;4.19.5&#8243; _module_preset=&#8221;default&#8221; global_colors_info=&#8221;{}&#8221;][et_pb_text _builder_version=&#8221;4.19.5&#8243; _module_preset=&#8221;default&#8221; global_colors_info=&#8221;{}&#8221;]</p>
<h2>Fernando Sánchez Castillo (España, 1970)</h2>
<p><b>Sobre el artista</b></p>
<p><span style="font-weight: 400;">Sánchez Castillo nace en Madrid, actualmente residenciado y laborando en la misma ciudad. Licenciado en Bellas Artes por la Universidad Complutense de Madrid, completó un máster en Filosofía y Estética en la Universidad Autónoma de Madrid. Su formación incluyó estudios en el Instituto de Estética Contemporánea UAM, el ENSBA París y una residencia en Rijksakademie, Ámsterdam. Participó en el equipo de investigación de las Naciones Unidas en Ginebra PIMPA (Memoria, política y prácticas artísticas).</span></p>
<p><span style="font-weight: 400;">Su práctica artística se caracteriza por una crítica desde diferentes perspectivas a los discursos monumentales, desarticulando agentes de poder y representación. Busca reescribir eventos históricos o, al menos, generar conciencia sobre sus complejidades, evidenciando la construcción histórica desde diversas posiciones de poder. Ha exhibido en museos de renombre mundial, incluyendo CA2M (Madrid), Stedelijk Museum (Ámsterdam) y MUSAC (España). Su presencia en bienales y exposiciones colectivas internacionales subraya su impacto en la escena artística contemporánea. Su obra figura en colecciones de prestigio como el Centre Georges Pompidou, Centro de Arte Reina Sofía, PAMM (Miami, EE. UU.), entre otros.</span> </p>
<p><b>Lenguajes artísticos: </b><span style="font-weight: 400;">Escultura, Instalación </span></p>
<p><span style="font-weight: 400;">Según Silvia Martínez Cano “El arte instalado es una deriva de los modelos posmodernos y diversos del arte actual. Comparte con otras expresiones artísticas su capacidad de relatar narrativas particulares que conectan al espectador con temáticas personales o cercanas a su entorno, permitiéndole identificarse con cuestiones como la identidad, la violencia, la multiculturalidad, las problemáticas antropológicas, etc. Su carácter intermedial (Rebentisch, 2018, pp. 91-92) permite una hibridación de las artes llamadas tradicionalmente académicas (pintura, escultura, arquitectura, teatro… etc.) y un fin del arte autónomo como tal.” </span></p>
<p><span style="font-weight: 400;">La escultura se comprende como un objeto en 2 o 3 dimensiones, cuya forma plástica alude a representaciones de todo tipo, moldeadas a partir del mundo material y simbólico.</span></p>
<p><span style="font-weight: 400;"> </span><b>Ejes temáticos y contexto de producción de la obra:</b></p>
<p><span style="font-weight: 400;">El monumento, la documentación, el espacio público o la tradición se convierten en herramientas para desenterrar el pasado más reciente, desarrollando así una</span></p>
<p><span style="font-weight: 400;">necesidad de redibujar la historia, a modo de hibridación entre el cómic y las</span></p>
<p><span style="font-weight: 400;">ilustraciones periodísticas, previas a la utilización de la fotografía. Su mirada crítica al uso de la violencia por parte del estado es paralela a su interés por observar cómo se ha usado el arte para expresar poder; muchas de sus obras se fijan en cómo el propio arte ha generado una gran caja de resonancia, repleta de simbolismos, que juegan con esas ideas.</span></p>
<p><b>Proceso de producción </b></p>
<p><span style="font-weight: 400;">“El artista es un poder tan fuerte como el Estado” dice Fernando Sánchez Castillo. Tiene mucha razón. Para conseguir ser representado en una estatua, un hombre de Estado debe llevar a cabo grandes actos. Primero, debe hacerse con el poder por el camino que sea. </span></p>
<p><span style="font-weight: 400;">Posteriormente, afianzarlo y legitimarlo. Luego, merecer ser recordado. Ganar una batalla contra un ejército enemigo, subyugar a su propio pueblo o, más deseablemente, guiarlo con sabiduría hacia metas más sublimes. Según Maquiavelo, el príncipe se gana el aprecio del pueblo acometiendo grandes empresas, pues con ello mantiene ocupados a los nobles y atento al pueblo, adquiere poder y reputación entre ambos y puede consolidar su ejército. </span></p>
<p><span style="font-weight: 400;">O sea, debe dedicar inmensos esfuerzos, ser temido o convertirse en un ejemplo y en un referente para sus conciudadanos o súbditos. Sin embargo, el artista puede ahorrarse todos estos pasos intermedios: para generar una imagen y que perdure para siempre, le sirve con crearla. Es, sin duda, un poder más fuerte que el Estado. Jacques Rancière afirma que cualquier forma de poder tiende a tomar todas las formas posibles de la esfera pública, incluida la de la representación en el espacio público: el artista ya lo tiene conseguido de antemano. Hace más de tres siglos, Hamlet enunciaba: “muchos caballeros de espada en cinta están atemorizados de las plumas de ganso”. El escritor es más poderoso que el guerrero; el artista, más que el príncipe. </span></p>
<p><span style="font-weight: 400;">Para la XVI Edición de la Bienal de Cuenca, se propone la reinterpretación escultórica del monumento a Simón Bolívar, emplazado en el redondel Eloy Alfaro, ubicado en la Avenida Ordóñez Lazo, basado en una réplica de sus botas cuya continuación se deforma en relación al monumento original, para convertirse en un columpio, aludiendo así a la idea que la memoria se construye en relación a los cuerpos que interactúan con ella, invitando de esta forma a cuestionar o pensar desde otro lugar a la memoria independentista.</span></p>
<p>Pregunta</p>
<p><span style="font-weight: 400;">¿Qué poder tiene el arte en el Ecuador? </span></p>
<p><span style="font-weight: 400;"> </span></p>
<p>Dinámica</p>
<p><span style="font-weight: 400;">Escribir o dibujar en tiras de papel símbolos de poder y ubicarla en la parte de tu cuerpo que consideren más poderosa, compartir tu experiencia con otras personas. </span></p>
<p><span style="font-weight: 400;"> </span></p>
<p><span style="font-weight: 400;">Hacer un tapiz con los símbolos que se puedan recoger. </span></p>
<p><span style="font-weight: 400;"></span></p>
<p><b>Bibliografía: </b></p>
<p><span style="color: #666666;"><a href="https://uvadoc.uva.es/bitstream/handle/10324/8211/TFG-O%20341.pdf?sequence=1" style="color: #666666;"><b>https://uvadoc.uva.es/bitstream/handle/10324/8211/TFG-O%20341.pdf?sequence=1</b></a></span></p>
<p><span style="color: #666666;"><a href="https://repositorio.comillas.edu/rest/bitstreams/290822/retrieve" style="color: #666666;"><b>https://repositorio.comillas.edu/rest/bitstreams/290822/retrieve</b></a></span></p>
<p>[/et_pb_text][/et_pb_column][/et_pb_row][/et_pb_section]</p>

<p>Fernando Sánchez Castillo (España, 1970) Sobre el artista Sánchez Castillo nace en Madrid, actualmente residenciado y laborando en la misma ciudad. Licenciado en Bellas Artes por la Universidad Complutense de Madrid, completó un máster en Filosofía y Estética en la Universidad Autónoma de Madrid. Su formación incluyó estudios en el Instituto de Estética Contemporánea UAM, [&hellip;]</p>
